factor of 40482 and 81666.
234
Calculate the highest common divisor of 3145145 and 55.
5
What is the highest common factor of 1107 and 82445301?
369
What is the greatest common divisor of 383417107 and 23?
23
Calculate the highest common factor of 2875 and 418531.
23
Calculate the highest common factor of 16588 and 192908.
116
What is the highest common divisor of 258 and 28686891?
129
What is the highest common divisor of 22280667 and 5012?
179
What is the highest common factor of 5350 and 130858325?
2675
Calculate the greatest common divisor of 5165065 and 17081.
31
What is the highest common divisor of 3844460 and 689966?
2546
Calculate the highest common factor of 22588321 and 266.
133
Calculate the highest common divisor of 7634993 and 9.
1
Calculate the greatest common factor of 120736930 and 435194.
11762
What is the highest common divisor of 13712715 and 27?
9
Calculate the greatest common divisor of 342 and 9984861.
171
Calculate the greatest common divisor of 1161 and 13289967.
1161
What is the highest common divisor of 11411888 and 32?
16
Calculate the highest common divisor of 162780 and 2740.
20
What is the greatest common divisor of 476 and 234095236?
68
Calculate the greatest common divisor of 13058567 and 969.
323
What is the greatest common divisor of 1007708 and 1066?
26
Calculate the highest common factor of 22503 and 2151633.
1731
Calculate the greatest common factor of 4400109 and 558.
279
Calculate the highest common factor of 179507 and 25477.
73
Calculate the greatest common divisor of 1003 and 4472819.
17
Calculate the highest common factor of 1111107 and 11040.
69
What is the greatest common divisor of 65 and 14389999?
13
What is the greatest common divisor of 314 and 21826?
2
Calculate the greatest common divisor of 509144 and 16616.
248
What is the highest common divisor of 11953577 and 913?
83
Calculate the highest common divisor of 2159612 and 7735.
1547
What is the greatest common divisor of 381364 and 3514810?
2846
Calculate the highest common factor of 320 and 58057088.
64
Calculate the highest common factor of 43244 and 4978.
38
What is the highest common divisor of 395 and 272415?
5
Calculate the highest common factor of 24442 and 4970614.
2222
What is the greatest common factor of 1425242 and 4264?
1066
What is the highest common divisor of 525136 and 8464?
368
Calculate the greatest common factor of 100204355 and 5285.
755
Calculate the greatest common factor of 444 and 463812.
12
What is the highest common divisor of 611909 and 4619?
31
Calculate the highest common divisor of 8512 and 1959328.
224
Calculate the highest common factor of 16119 and 4530411.
81
What is the highest common factor of 47168 and 944365?
67
Calculate the greatest common divisor of 292094505 and 3420.
855
Calculate the highest common factor of 1541815 and 518177.
3179
Calculate the highest common divisor of 38 and 257629873.
19
What is the greatest common factor of 1181610 and 41610?
570
Calculate the highest common divisor of 13348 and 1277148.
284
Calculate the greatest common factor of 748904 and 15808.
1976
What is the greatest common divisor of 527 and 70197573?
17
What is the highest common divisor of 130950428 and 791903?
16849
What is the highest common divisor of 142074 and 359570?
1754
Calculate the greatest common divisor of 3771 and 14166.
9
What is the highest common divisor of 267064 and 122360?
1064
Calculate the highest common divisor of 162 and 2934852.
6
Calculate the highest common factor of 1866 and 33384917.
311
Calculate the greatest common factor of 440444 and 802812.
596
Calculate the greatest common divisor of 475 and 22534000.
475
Calculate the highest common divisor of 500 and 55007800.
100
What is the highest common factor of 144 and 65428848?
144
What is the highest common factor of 29925 and 38549?
7
What is the highest common factor of 2829962 and 18524?
842
Calculate the greatest common divisor of 100569 and 209958.
21
Calculate the greatest common divisor of 1016656 and 28.
4
What is the greatest common divisor of 175 and 38483305?
35
What is the highest common factor of 612668 and 196?
28
Calculate the highest common factor of 2242 and 145491286.
118
What is the greatest common divisor of 325815 and 1595?
145
Calculate the highest common factor of 59097 and 357.
3
Calculate the greatest common factor of 562743 and 107694.
279
Calculate the greatest common divisor of 636704170 and 1345.
1345
Calculate the highest common factor of 10481 and 203822.
223
Calculate the highest common factor of 293925 and 5925.
75
What is the highest common factor of 23901 and 453?
3
What is the greatest common divisor of 1367008 and 32?
32
What is the greatest common divisor of 421 and 54420565?
421
What is the highest common divisor of 39269880 and 468?
468
Calculate the highest common divisor of 9906010 and 5180.
370
Calculate the greatest common divisor of 3206950 and 650.
50
What is the highest common divisor of 1365938821 and 1066?
533
Calculate the greatest common divisor of 101908 and 1777108.
1396
Calculate the greatest common factor of 9292166 and 442.
442
Calculate the highest common divisor of 282 and 73460953.
47
Calculate the greatest common divisor of 1826580 and 560.
140
What is the greatest common divisor of 72 and 125046?
18
Calculate the highest common divisor of 73436146 and 280.
14
Calculate the highest common factor of 16969641 and 78.
39
What is the greatest common factor of 149930 and 2610?
290
What is the greatest common divisor of 5766497 and 3025?
121
What is the greatest common divisor of 507 and 232131?
3
What is the highest common divisor of 840 and 4502805?
15
Calculate the greatest common divisor of 705108 and 39932.
268
Calculate the greatest common factor of 65 and 10486411.
13
Calculate the greatest common divisor of 3197168 and 104.
104
Calculate the greatest common divisor of 1873 and 35249.
1
Calculate the highest common divisor of 23740870 and 14150.
2830
Calculate the highest common divisor of 36616660 and 25.
5
What is the highest common factor of 18 and 24573324?
6
What is the highest common factor of 15226696 and 12257?
1751
What is the greatest common factor of 285054 and 6888?
42
Calculate the greatest common factor of 57100 and 11060.
20
Calculate the highest common divisor of 27656 and 171608937.
3457
Calculate the highest common factor of 504051 and 95.
19
Calculate the highest common divisor of 522845820 and 70.
70
What is the highest common divisor of 5 and 16696572?
1
Calculate the greatest common factor of 10247275 and 450.
25
What is the highest common factor of 822622 and 46?
2
What is the highest common factor of 462468 and 182954?
34
What is the greatest common divisor of 256980762 and 18?
18
Calculate the greatest common factor of 2090 and 33020955.
1045
What is the greatest common factor of 116890043 and 25845?
1723
Calculate the highest common divisor of 2772325 and 45.
5
Calculate the greatest common factor of 52716 and 174432.
276
Calculate the highest common divisor of 35437167 and 59607.
1611
What is the greatest common factor of 247 and 136866899?
247
What is the greatest common divisor of 512 and 54636496?
16
Calculate the greatest common divisor of 74500923 and 2499.
147
What is the highest common factor of 111592 and 2234504?
296
Calculate the highest common divisor of 88610 and 33795.
5
What is the highest common factor of 5773 and 16399?
23
What is the highest common factor of 3 and 1859292?
3
What is the highest common divisor of 1474 and 5403596?
22
Calculate the greatest common factor of 423571631 and 3038.
1519
What is the highest common divisor of 286 and 125812258?
286
Calculate the greatest common factor of 3487 and 160731680.
317
What is the highest common divisor of 340 and 120369320?
20
What is the highest common divisor of 9060325 and 69600?
725
Calculate the greatest common factor of 245 and 11201085.
35
What is the greatest common factor of 5260 and 26108799?
263
What is the greatest common divisor of 838 and 2235365?
419
Calculate the greatest common divisor of 704 and 1784464.
176
What is the greatest common factor of 8533856 and 64?
32
Calculate the highest common factor of 19010 and 5870.
10
Calculate the greatest common factor of 29